{"id":12,"date":"2018-06-03T21:02:26","date_gmt":"2018-06-04T00:02:26","guid":{"rendered":"https:\/\/www.idis.org.br\/forumwp\/?page_id=12"},"modified":"2026-04-16T15:21:08","modified_gmt":"2026-04-16T18:21:08","slug":"inscricoes","status":"publish","type":"page","link":"https:\/\/www.idis.org.br\/forum\/inscricoes\/","title":{"rendered":"Inscri\u00e7\u00f5es"},"content":{"rendered":"<h2><span style=\"color: #2c479e\">PRESENCIAL<\/span><\/h2>\n<p>Os convites j\u00e1 foram enviados aos convidados.<\/p>\n<h2><span style=\"color: #2c479e\">ONLINE &#8211; TRANSMISS\u00c3O AO VIVO<\/span><\/h2>\n<p><strong><span style=\"color: #6dc067\"><a style=\"color: #6dc067\" href=\"http:\/\/sympla.com.br\/evento-online\/forum-brasileiro-de-filantropos-e-investidores-sociais-2026--entre-a-essEncia-e-a-reinvenCAo\/3387598\" target=\"_blank\" rel=\"noopener\">Inscreva-se agora para acompanhar o evento online.<\/a><\/span><\/strong><\/p>\n<h2><span style=\"color: #2c479e\">DOA\u00c7\u00d5ES<\/span><\/h2>\n<p>Ainda que o evento seja gratuito, incentivamos a colaborar com uma doa\u00e7\u00e3o cujo valor ser\u00e1 revertido ao <span style=\"color: #6dc067\"><span style=\"color: #2c479e\"><strong>Fundo de Fomento \u00e0 Filantropia<\/strong>.<\/span> <a style=\"color: #6dc067\" href=\"https:\/\/www.paypal.com\/donate\/?hosted_button_id=ZJ59F7F7BTCC8\" target=\"_blank\" rel=\"noopener\">Fa\u00e7a a sua doa\u00e7\u00e3o e colabore com a filantropia estrat\u00e9gica no Brasil!<\/a><\/span><\/p>\n<p>&nbsp;<\/p>\n","protected":false},"excerpt":{"rendered":"<p>PRESENCIAL Os convites j\u00e1 foram enviados aos convidados. ONLINE &#8211; TRANSMISS\u00c3O AO VIVO Inscreva-se agora para acompanhar o evento online. DOA\u00c7\u00d5ES Ainda que o evento seja gratuito, incentivamos a colaborar com uma doa\u00e7\u00e3o cujo valor ser\u00e1 revertido ao Fundo de &hellip;<\/p>\n","protected":false},"author":1,"featured_media":0,"parent":0,"menu_order":0,"comment_status":"closed","ping_status":"closed","template":"","meta":{"ngg_post_thumbnail":0},"acf":[],"wps_subtitle":"","_links":{"self":[{"href":"https:\/\/www.idis.org.br\/forum\/wp-json\/wp\/v2\/pages\/12"}],"collection":[{"href":"https:\/\/www.idis.org.br\/forum\/wp-json\/wp\/v2\/pages"}],"about":[{"href":"https:\/\/www.idis.org.br\/forum\/wp-json\/wp\/v2\/types\/page"}],"author":[{"embeddable":true,"href":"https:\/\/www.idis.org.br\/forum\/wp-json\/wp\/v2\/users\/1"}],"replies":[{"embeddable":true,"href":"https:\/\/www.idis.org.br\/forum\/wp-json\/wp\/v2\/comments?post=12"}],"version-history":[{"count":66,"href":"https:\/\/www.idis.org.br\/forum\/wp-json\/wp\/v2\/pages\/12\/revisions"}],"predecessor-version":[{"id":4910,"href":"https:\/\/www.idis.org.br\/forum\/wp-json\/wp\/v2\/pages\/12\/revisions\/4910"}],"wp:attachment":[{"href":"https:\/\/www.idis.org.br\/forum\/wp-json\/wp\/v2\/media?parent=12"}],"curies":[{"name":"wp","href":"https:\/\/api.w.org\/{rel}","templated":true}]}}