{"id":46,"date":"2025-03-30T22:12:46","date_gmt":"2025-03-31T01:12:46","guid":{"rendered":"https:\/\/www.idis.org.br\/forumwp\/?page_id=46"},"modified":"2026-04-15T11:41:15","modified_gmt":"2026-04-15T14:41:15","slug":"sobre-o-evento","status":"publish","type":"page","link":"https:\/\/www.idis.org.br\/forum\/forum\/sobre-o-evento\/","title":{"rendered":"Sobre o evento"},"content":{"rendered":"<h2><span style=\"color: #2c479e\">F\u00d3RUM BRASILEIRO DE FILANTROPOS E INVESTIDORES SOCIAIS<\/span><\/h2>\n<p>O F\u00f3rum Brasileiro de Filantropos e Investidores Sociais oferece um espa\u00e7o exclusivo para a comunidade filantr\u00f3pica se reunir, trocar experi\u00eancias e aprender com seus pares, fortalecendo a filantropia estrat\u00e9gica para a promo\u00e7\u00e3o do desenvolvimento da sociedade brasileira. O evento est\u00e1 na 15\u00aa edi\u00e7\u00e3o e j\u00e1 reuniu mais de 5.000 participantes, entre filantropos, l\u00edderes e especialistas nacionais e internacionais.<\/p>\n<p>O tema transversal do evento em 2026 ser\u00e1 \u2018<strong><span style=\"color: #6dc067\" data-olk-copy-source=\"MessageBody\">Entre a Ess\u00eancia e a Reinven\u00e7\u00e3o<\/span><\/strong>&#8216;.<\/p>\n<p>Para discutir o papel da filantropia para o desenvolvimento do Brasil, j\u00e1 recebemos lideran\u00e7as como Ana L\u00facia Villela, Arm\u00ednio Fraga, Atila Roque, Atti Worku, Eduardo Giannetti, Edvaldo Vieira, Eduardo Lyra, Christiane Torloni, Guilherme Leal, Gilberto Carvalho, Jane Wales, Jean Jereissati, Jorge Gerdau Johannpeter, Giovanni Harvey, Lester M. Salamon, Luiza Helena Trajano, Ma\u00edlson da N\u00f3brega, Matthew Bishop, Peter Eigen, Rob Garris, Swanee Hunt, Viviane Senna, entre outros.<\/p>\n<p>O F\u00f3rum Brasileiro de Filantropos e Investidores Sociais \u00e9 uma iniciativa conjunta do IDIS \u2013 Instituto para o Desenvolvimento do Investimento Social e do Global Philanthropy Forum (GPF).<\/p>\n","protected":false},"excerpt":{"rendered":"<p>F\u00d3RUM BRASILEIRO DE FILANTROPOS E INVESTIDORES SOCIAIS O F\u00f3rum Brasileiro de Filantropos e Investidores Sociais oferece um espa\u00e7o exclusivo para a comunidade filantr\u00f3pica se reunir, trocar experi\u00eancias e aprender com seus pares, fortalecendo a filantropia estrat\u00e9gica para a promo\u00e7\u00e3o do &hellip;<\/p>\n","protected":false},"author":1,"featured_media":0,"parent":39,"menu_order":0,"comment_status":"closed","ping_status":"closed","template":"","meta":{"ngg_post_thumbnail":0},"acf":[],"wps_subtitle":"","_links":{"self":[{"href":"https:\/\/www.idis.org.br\/forum\/wp-json\/wp\/v2\/pages\/46"}],"collection":[{"href":"https:\/\/www.idis.org.br\/forum\/wp-json\/wp\/v2\/pages"}],"about":[{"href":"https:\/\/www.idis.org.br\/forum\/wp-json\/wp\/v2\/types\/page"}],"author":[{"embeddable":true,"href":"https:\/\/www.idis.org.br\/forum\/wp-json\/wp\/v2\/users\/1"}],"replies":[{"embeddable":true,"href":"https:\/\/www.idis.org.br\/forum\/wp-json\/wp\/v2\/comments?post=46"}],"version-history":[{"count":21,"href":"https:\/\/www.idis.org.br\/forum\/wp-json\/wp\/v2\/pages\/46\/revisions"}],"predecessor-version":[{"id":4873,"href":"https:\/\/www.idis.org.br\/forum\/wp-json\/wp\/v2\/pages\/46\/revisions\/4873"}],"up":[{"embeddable":true,"href":"https:\/\/www.idis.org.br\/forum\/wp-json\/wp\/v2\/pages\/39"}],"wp:attachment":[{"href":"https:\/\/www.idis.org.br\/forum\/wp-json\/wp\/v2\/media?parent=46"}],"curies":[{"name":"wp","href":"https:\/\/api.w.org\/{rel}","templated":true}]}}