{"id":5,"date":"2025-03-29T21:01:36","date_gmt":"2025-03-30T00:01:36","guid":{"rendered":"https:\/\/www.idis.org.br\/forumwp\/?page_id=5"},"modified":"2026-04-13T15:49:09","modified_gmt":"2026-04-13T18:49:09","slug":"home","status":"publish","type":"page","link":"https:\/\/www.idis.org.br\/forum\/","title":{"rendered":"HOME"},"content":{"rendered":"<p style=\"text-align: center\"><span style=\"color: #333333\">Confira as sess\u00f5es do \u00faltimo F\u00f3rum na \u00edntegra:<\/span><\/p>\n<p><iframe loading=\"lazy\" title=\"2025 | F\u00f3rum Brasileiro de Filantropos e Investidores Sociais\" width=\"584\" height=\"329\" src=\"https:\/\/www.youtube.com\/embed\/videoseries?list=PLvLWaKLzNd4og1EITZDbE1bEYIigFosC_\" frameborder=\"0\" allow=\"accelerometer; autoplay; clipboard-write; encrypted-media; gyroscope; picture-in-picture; web-share\" referrerpolicy=\"strict-origin-when-cross-origin\" allowfullscreen><\/iframe><\/p>\n<p>&nbsp;<\/p>\n","protected":false},"excerpt":{"rendered":"<p>Confira as sess\u00f5es do \u00faltimo F\u00f3rum na \u00edntegra: &nbsp;<\/p>\n","protected":false},"author":1,"featured_media":0,"parent":0,"menu_order":0,"comment_status":"closed","ping_status":"closed","template":"","meta":{"ngg_post_thumbnail":0},"acf":[],"wps_subtitle":"","_links":{"self":[{"href":"https:\/\/www.idis.org.br\/forum\/wp-json\/wp\/v2\/pages\/5"}],"collection":[{"href":"https:\/\/www.idis.org.br\/forum\/wp-json\/wp\/v2\/pages"}],"about":[{"href":"https:\/\/www.idis.org.br\/forum\/wp-json\/wp\/v2\/types\/page"}],"author":[{"embeddable":true,"href":"https:\/\/www.idis.org.br\/forum\/wp-json\/wp\/v2\/users\/1"}],"replies":[{"embeddable":true,"href":"https:\/\/www.idis.org.br\/forum\/wp-json\/wp\/v2\/comments?post=5"}],"version-history":[{"count":121,"href":"https:\/\/www.idis.org.br\/forum\/wp-json\/wp\/v2\/pages\/5\/revisions"}],"predecessor-version":[{"id":4848,"href":"https:\/\/www.idis.org.br\/forum\/wp-json\/wp\/v2\/pages\/5\/revisions\/4848"}],"wp:attachment":[{"href":"https:\/\/www.idis.org.br\/forum\/wp-json\/wp\/v2\/media?parent=5"}],"curies":[{"name":"wp","href":"https:\/\/api.w.org\/{rel}","templated":true}]}}